posite?
True
Suppose -4*d - 3*g + 6098 = -5*g, 0 = 5*d - 4*g - 7630. Let s = d + 187. Is s a composite number?
False
Suppose 0 = -c - 3*a - 31910, 2*c + 4*a = 7*a - 63838. Let z = -13895 - c. Is z composite?
True
Let p(l) = 5093*l**3 - 8*l**2 - 62*l + 198. Is p(3) composite?
True
Let q(a) = a - 16. Let l be q(15). Let g be 1 - -3 - (0 + l). Suppose 0 = -x + 11 - g. Is x prime?
False
Suppose -r - 5*l + 43330 = 3*r, 3*l + 10841 = r. Suppose r = 13*x - 8*x. Is x prime?
False
Let v = 177829 - -18886. Is v composite?
True
Let f(y) = 666*y**2 + 4491*y**2 + 3*y - 4 + 535*y**2 - y + 4797*y**2. Is f(1) a prime number?
True
Let x be 21/(-6)*-2*1. Let g(z) = x*z**3 - 36 - 3*z + 45 - 7*z. Is g(6) a prime number?
False
Suppose 0 = -450*a + 444*a + 283422. Is a composite?
False
Let x(n) = -548*n**3 + 2*n**2 - 2*n - 3. Let d be (-140)/28 - (1 + -4). Is x(d) a prime number?
False
Let g(f) = -f**3 - 9*f**2 - 2*f - 16. Let m = 24 - 33. Let b be g(m). Suppose 0 = -b*u + 2, -2*l = 5*u - 2364 - 1059. Is l prime?
True
Suppose p - 83308 = z, 229*p = 234*p - z - 416552. Is p composite?
False
Let d = -21105 + 79936. Is d composite?
False
Suppose 5*v + 17 = 4*s, -3*v + 3*s - 18 + 6 = 0. Is ((-2146)/(-222))/(v/(-177)) a composite number?
True
Let v be (-3 - -2)*-2 - -1. Let w(z) = 966*z - 13. Is w(v) a prime number?
False
Suppose 10 = -k + 11, -2*l = k - 839387. Is l prime?
True
Let r(b) = 152007*b**2 - 304*b - 1. Is r(4) prime?
False
Is ((0 - (-223220)/12) + -2)/((-4)/(-12)) a prime number?
True
Suppose 2*d - 5*d - 4*p - 22 = 0, 2 = -3*d + p. Suppose 55*v = 94*v - 31668. Is (4 - v/d) + 3 prime?
False
Suppose -5*m = 20, -2*v + 4*m - 47664 = -325638. Is v a prime number?
False
Let p = 2174 - 876. Suppose 5*l = -p + 9103. Let v = 2907 - l. Is v prime?
False
Let v be 4 - (1 - (-8 - 477)). Let u = 613 + v. Is u composite?
False
Let m(x) = -3*x**3 + 9*x**2 + 13*x + 30. Let k be m(-4). Let z be -10*26/(-4)*1. Let p = z + k. Is p prime?
True
Let c = 141391 - -309990. Is c composite?
True
Let b(f) = -52908*f - 533. Is b(-2) a composite number?
True
Let q(t) = 19*t - 115. Let r be q(37). Suppose 4 = -g, -d - 3*d - 2*g = -r. Is d prime?
True
Suppose 0 = -3*i - 9, -2*i = -4*j + i + 1. Let u be (j/6)/(0 - (-2)/(-10722)). Suppose 3*g = 2*s + u - 24, 0 = -5*g + 5*s + 2940. Is g composite?
False
Let y be 102075/(-60) + (-15)/(-12). Let r = 3439 + y. Is r a prime number?
False
Let q = -3 - -4. Let c = -317 - -307. Is (4 - (-45)/c)/(q/(-254)) composite?
False
Let d(q) = 1939*q**2 - 5*q - 109. Is d(-10) composite?
False
Suppose 0 = -4*z + 1416111 + 514133. Is z a composite number?
True
Let d(t) = t + 7. Let m be d(-5). Suppose -3*k = 12, -2*b + m*k + 0*k = -8. Suppose 3*p + 0*p - 4*l = 4187, -5*p - 4*l + 6989 = b. Is p a prime number?
False
Let l be (-2)/(16/21246) - (-2)/(-8). Let c = l - -1390. Is (11/33)/((-2)/c) a composite number?
False
Suppose -1 = -m, -4*j - 4*m = 274 - 1562. Suppose -j = 2*l - 7187. Is l a composite number?
False
Suppose -4*t - 610 - 4945 = -5*i, -2*i + 2255 = 5*t. Is i a prime number?
False
Let p(j) = 2*j**3 - 6*j**2 - 13. Let d(r) = -4*r. Let b be d(-1). Suppose 4*y - 4*g = 28, 16 = 4*y - 2*y - b*g. Is p(y) composite?
True
Suppose -288*u - 2*b = -287*u - 124901, -4*u - b = -499590. Is u a composite number?
False
Let b(u) = 2*u**2 - 15*u - 26. Let t be b(8). Is 2/((-12)/(-89085))*t/(-45) a prime number?
True
Is 25294*(-2 - ((-306)/12 + 8)) prime?
False
Suppose 0 = 2*j + 5*a - 246924, 3*a - 10764 = -3*j + 359613. Is j composite?
False
Suppose -x = 3*z - 115782, -5*x - 122755 = -3*z - 6991. Is z a composite number?
False
Let r(n) = -2*n**2 - 56*n - 48. Let o be r(-27). Let x(j) = 50*j**3 + 2*j**2 + 7*j + 15. Is x(o) a prime number?
False
Let k = 1038 + -596. Let w be 1*(1 + -2) - -1. Suppose -3*t + s + s + 667 = w, 4*s = 2*t - k. Is t a composite number?
False
Let n be 4/((-2)/((-639258)/3))*4. Is n/240 - (-2)/15 prime?
True
Suppose -2246424 = -365*j + 341*j. Is j a prime number?
True
Suppose -4*c + 7*h + 148373 = 2*h, -148379 = -4*c + 3*h. Suppose -c = -7*x - 13808. Is x prime?
False
Let h(o) = 336*o**3 - 12*o**2 - 149*o + 2130. Is h(13) a composite number?
False
Suppose -7*h + 11*h - 39776 = 0. Let z = h - 1951. Is z prime?
True
Let x(j) = 8568*j - 2245. Is x(29) prime?
False
Let n(f) = -f - 3. Let r = 17 + -22. Let t be n(r). Suppose -d + 113 = 2*w + w, t*d + 33 = w. Is w prime?
True
Let o(u) = -u**2 + 13*u - 27. Let g be o(11). Let l be ((-16)/g)/(4*2/40). Suppose 5*p = p - 3*y + l, -16 = 4*y. Is p prime?
True
Let z = -5667 - -8942. Suppose -11*k - z + 10194 = 0. Is k composite?
True
Let j be (-3)/3 + (-2)/(-2). Suppose -42*f + 43*f - 3 = j. Suppose f*y - 2132 = -y. Is y a prime number?
False
Let g(n) = -55*n**2 + 5*n - 27. Let q be g(9). Let x = 18344 + q. Is x a prime number?
True
Suppose -8*r - 1122850 = -3*d - 12*r, 5*r = -4*d + 1497132. Is d a composite number?
True
Is ((-185878714)/(-14))/17 - 16 prime?
False
Let t be (-3 - 1068*-37) + 3. Is -2*2*(2 - t/16) a composite number?
False
Let x = -49 + 52. Let b be (16/(-12))/(x/(-9)). Suppose -1193 = -b*u - 165. Is u composite?
False
Is 230/(-92)*4*(-6614797)/70 prime?
False
Suppose 0 = -q - 4*g + 6*g - 16472, -4*q - 4*g = 65948. Let z = 27133 + q. Is z prime?
True
Suppose 4*r - 2*v + 34 = 0, -3*r - 40 = 3*v - 28. Let h(a) = 393*a**2 + a - 13. Is h(r) prime?
True
Let o(g) = -3*g**3 - 6*g**2 + 18*g + 22. Let c(f) = -6*f**3 - 13*f**2 + 36*f + 43. Let m(y) = -6*c(y) + 13*o(y). Is m(-9) a composite number?
False
Let t(d) = 8*d**3 + 3*d**2 + 2*d + 52. Let w be t(8). Suppose 19*p = w + 17513. Is p composite?
False
Let u(t) = -187*t + 158. Let d(c) = c**3 + 6*c**2 - 26*c - 18. Let m be d(-9). Is u(m) a prime number?
False
Let z(y) = 1134*y - 3787. Is z(55) a composite number?
True
Let o(y) = 25*y + 30. Let m be o(4). Is ((-1)/5 - (-524446)/m) + -3 prime?
False
Suppose -5*s + 41 - 61 = 0, 4*s + 26 = 5*t. Suppose 0 = t*y - 1112 - 5214. Is y prime?
True
Let n(j) = j. Let z be n(2). Let p(o) = 13*o - 66. Let b be p(6). Suppose -z*f = -b*f + 17110. Is f composite?
True
Let d(v) = v**3 + 30*v**2 - 8*v - 64. Let k be d(-30). Let j = k + -130. Is j a prime number?
False
Suppose 0 = -3*w + 5*k + 13393687, -5*w = -3647*k + 3643*k - 22322803. Is w a composite number?
True
Let g = -22 + 14. Let c be (g/6)/(22/(-33)). Is (18/c)/(36/60) a composite number?
True
Suppose -11*z + 7*z = 3*f - 110729, 2*f - 14 = 0. Is z composite?
True
Let r(x) = 2178*x**2 + x. Suppose 0 = 3*w + 27 - 6. Let a = 8 + w. Is r(a) a prime number?
True
Let c be (2/10)/((-48)/60)*0. Suppose c = 10*p - 159975 - 49135. Is p a prime number?
False
Is 24/15 - (18303698/(-70) + -4) a composite number?
True
Let m be (-5)/(20/(-12)) + 35/(-5). Let i(v) = -v**3 + 21*v**2 - 14*v + 1. Let f be i(11). Is f - m*(4 + -3) composite?
False
Let c(z) = z + 1. Let j(v) = 609*v + 13. Let w(i) = -6*c(i) + j(i). Suppose 11 = 8*x - 5. Is w(x) a prime number?
True
Let o be 1/(-1)*(-650)/(-26). Let b be (90/o - -4)*120. Suppose -b*y + 51*y = 627. Is y composite?
True
Suppose -101 = o - 4*t, o + 2*t = t - 76. Suppose 0 = -21*v + 6609 + 363. Let a = o + v. Is a a prime number?
True
Let i(q) = -20*q**3 - 5*q**2 - q + 1. Let c be i(-2). Suppose c*v = 4*u + 140*v - 9641, 2*u - 4*v = 4818. Is u a prime number?
True
Let d(y) = 2*y + 51. Let w be d(-21). Let p be 35/(-21) - ((-6)/w)/(-2). Is (-1263 - p)/((-8)/2 - -3) a composite number?
True
Suppose 0 = -128*s - 59*s + 162481 + 50512. Is s a prime number?
False
Let f be (27 + 1)*(-11 - -12). Let c(p) = 48*p + 2 + 56*p - 9 + f*p. Is c(2) prime?
True
Suppose 35 + 7 = -2*g. Let i(t) = -174*t - 11. Is i(g) composite?
False
Let p(i) = 555*i**2 - 13*i + 103. Is p(23) a prime number?
True
Let r(u) = u**2 - 20*u + 90. Let v be r(6). Is 4274*(v + (1 - 6)) composite?
True
Let p be 1428 + (0 - 5) + 9. Is p/6*(-15)/(-4) composite?
True
Let i(j) be the third derivative of -j**4/8 - 7*j**3/6 + 4*j**2. Let f be i(-3). Is (185 - -2 - f) + -3 + -3 prime?
True
Let z(w) = -5*w**2 + 15*w - 16. Let y(h) = -h**2 - h - 1. Let p(n) = 3*y(n) - z(n). Is p(19) a prime number?
False
Suppose -2*k - 3*h = -2 - 1, -2*k + 3*h + 21 = 0. Suppose 5*d + 5*v + 10 = 0, 0 = -d + v + 2*v + k. Let r(m) = -5*m + 1409. Is r(d) prime?
True
Let o(d) = -d**3 - 7*d**2 - 5*d + 2. Le